prime?
True
Is 50966147 composite?
True
Is 936528503 composite?
True
Is 283415399 prime?
True
Is 10043117053 a prime number?
True
Is 23647111451 composite?
False
Is 6852609199 a prime number?
True
Is 1326294479 a prime number?
False
Is 3050308081 composite?
False
Is 3187990621 a composite number?
False
Is 11856630593 a prime number?
False
Is 7503181901 a prime number?
True
Is 52179932191 composite?
False
Is 3768876607 prime?
True
Is 354733411 a prime number?
False
Is 77071795397 a prime number?
True
Is 1791087643 a composite number?
True
Is 62519879911 a composite number?
True
Is 504624539 a composite number?
False
Is 369860717 a prime number?
True
Is 30159255317 a prime number?
True
Is 1032824047 prime?
True
Is 16739140507 a prime number?
False
Is 2055916045 prime?
False
Is 6978870901 composite?
False
Is 19626043991 composite?
False
Is 24525336323 composite?
True
Is 698052919 prime?
True
Is 11120487173 a prime number?
True
Is 5903279893 composite?
True
Is 50833187729 a prime number?
False
Is 16254839369 composite?
False
Is 277853159 prime?
True
Is 6032576201 composite?
True
Is 32780338021 a composite number?
False
Is 2031335105 a composite number?
True
Is 1997221463 a prime number?
False
Is 114039164791 prime?
False
Is 653790001 composite?
True
Is 9643372835 composite?
True
Is 2087926537 a prime number?
True
Is 9242494097 a composite number?
True
Is 44395282 a prime number?
False
Is 20779697 a prime number?
True
Is 350559751 a composite number?
True
Is 3457404263 a prime number?
False
Is 1566018643 a prime number?
False
Is 25878150811 a prime number?
False
Is 16161684901 prime?
True
Is 39577568743 a prime number?
False
Is 219720383 a prime number?
True
Is 3630123377 composite?
False
Is 119609947 a composite number?
False
Is 9435110099 prime?
False
Is 111077455 composite?
True
Is 9189888469 composite?
False
Is 1307533967 a composite number?
True
Is 314121449 a prime number?
True
Is 23015075783 a composite number?
True
Is 1341889207 prime?
False
Is 6893406599 composite?
False
Is 11644616261 a composite number?
False
Is 8923027759 a composite number?
True
Is 301250323 a composite number?
True
Is 157553497 a prime number?
True
Is 19768913669 a composite number?
True
Is 3168581723 a prime number?
False
Is 2300993705 a composite number?
True
Is 1058674555 a prime number?
False
Is 408173489 composite?
True
Is 31491066422 prime?
False
Is 86311185001 a composite number?
True
Is 63490663 a composite number?
False
Is 6423074387 composite?
False
Is 186722912537 a prime number?
False
Is 9760273273 prime?
False
Is 2443270537 a composite number?
False
Is 2168101633 prime?
False
Is 3110692033 prime?
False
Is 645078047 composite?
False
Is 5709818539 a prime number?
True
Is 159987427 prime?
False
Is 262283194835 a composite number?
True
Is 527218453 composite?
False
Is 7772777893 prime?
False
Is 224531147 prime?
True
Is 499104961 a prime number?
True
Is 36911464717 prime?
False
Is 5852389889 prime?
True
Is 1803934859 a composite number?
True
Is 24457876411 prime?
False
Is 53606516591 a prime number?
True
Is 6114073393 composite?
True
Is 3328559671 composite?
True
Is 1975414211 composite?
True
Is 4471509517 prime?
True
Is 3336982111 composite?
False
Is 34976522453 a composite number?
False
Is 66013366821 a composite number?
True
Is 1894066073 a composite number?
True
Is 1978302871 prime?
True
Is 5404305847 prime?
False
Is 1049686237 composite?
True
Is 19836470881 composite?
True
Is 4527675293 prime?
True
Is 132517428389 a prime number?
True
Is 57324342389 a prime number?
True
Is 105578732807 a prime number?
True
Is 33003049613 a composite number?
False
Is 2371777817 a composite number?
False
Is 4220484511 a prime number?
True
Is 5989295953 a composite number?
True
Is 3473659291 composite?
False
Is 37974714991 a composite number?
True
Is 680061667 composite?
False
Is 5475964679 composite?
True
Is 61125962827 prime?
True
Is 2859065549 a composite number?
True
Is 38899588747 composite?
True
Is 4056438599 a prime number?
False
Is 540210391 a composite number?
True
Is 375393727 prime?
False
Is 16112788327 composite?
True
Is 4414858599 prime?
False
Is 29995790785 prime?
False
Is 1470520393 a prime number?
False
Is 63637073 a prime number?
False
Is 9371107351 composite?
True
Is 2201294954 a prime number?
False
Is 6317594029 prime?
True
Is 62117767169 prime?
True
Is 144214289 a composite number?
False
Is 202059073 a composite number?
False
Is 56190499 composite?
True
Is 104380386181 a prime number?
False
Is 218688013 composite?
True
Is 3781287065 prime?
False
Is 3429234121 prime?
False
Is 2992172683 a composite number?
False
Is 43473461 composite?
False
Is 11062201135 a prime number?
False
Is 6470061629 prime?
False
Is 75776436331 a prime number?
False
Is 803676589 a composite number?
True
Is 1385913871 a prime number?
True
Is 5018960467 a prime number?
True
Is 3687882449 a composite number?
False
Is 129790061 prime?
True
Is 1828439689 prime?
True
Is 45103250609 a prime number?
False
Is 1607829319 prime?
True
Is 43359182837 composite?
False
Is 713319697 a composite number?
False
Is 4053144791 prime?
False
Is 15499702873 prime?
True
Is 484375891 a prime number?
True
Is 1241136877 a prime number?
False
Is 8819732287 prime?
False
Is 257048339 a composite number?
True
Is 861118591 composite?
False
Is 203478219751 composite?
False
Is 50611151249 composite?
False
Is 2550711571 prime?
True
Is 63824688409 prime?
False
Is 3643683217 composite?
True
Is 51775337699 composite?
False
Is 240903743 prime?
True
Is 3334670311 a composite number?
True
Is 1617943361 a prime number?
False
Is 371243513 prime?
False
Is 277707005 prime?
False
Is 31588330849 composite?
False
Is 2938236461 a composite number?
True
Is 2275365013 a composite number?
False
Is 733864427 a prime number?
False
Is 4814413143 composite?
True
Is 6133887751 prime?
False
Is 16372160306 a prime number?
False
Is 2347357181 composite?
True
Is 303773818 prime?
False
Is 315847481 composite?
False
Is 3124851593 a composite number?
False
Is 8317089257 prime?
True
Is 14272515731 a composite number?
False
Is 49761900707 a prime number?
True
Is 1121393971 composite?
False
Is 3075792191 a composite number?
True
Is 206544133031 composite?
True
Is 3753957023 composite?
False
Is 3862388599 a prime number?
False
Is 92379882323 prime?
True
Is 792380077 composite?
True
Is 2175924293 a prime number?
True
Is 569311577 a composite number?
False
Is 3965008807 prime?
True
Is 1868516369 a prime number?
False
Is 10392600241 a prime number?
False
Is 2922807611 composite?
False
Is 20064590527 a prime number?
False
Is 173658813 composite?
True
Is 25557598531 composite?
True
Is 26510523857 a composite number?
False
Is 1906726651 prime?
True
Is 98304639349 a prime number?
False
Is 986426747 a prime number?
True
Is 167299321 composite?
True
Is 237601889 prime?
False
Is 2395965595 composite?
True
Is 77033115671 composite?
True
Is 44671309 a composite number?
False
Is 684603539 a composite number?
True
Is 313404173 a prime number?
False
Is 3481993877 a prime number?
True
Is 2958816181 a prime number?
False
Is 10928501767 prime?
True
Is 48970260659 a composite number?
False
Is 141130996869 a composite number?
True
Is 20724999857 a prime number?
True
Is 13790910673 a composite number?
False
Is 3265605235 composite?
True
Is 106348461643 a composite number?
True
Is 13317573851 composite?
True
Is 4440705953 prime?
False
Is 2764254301 prime?
True
Is 86213576879 prime?
True
Is 664016281 prime?
True
Is 869865023 a prime number?
True
Is 434992067 composite?
False
Is 28471603219 prime?
True
Is 43970317 a prime number?
True
Is 165117803 a prime number?
True
Is 2293824283 a composite number?
True
Is 5890196437 a composite number?
False
Is 643519171 prime?
False
Is 20986348007 composite?
True
Is 3987473537 prime?
True
Is 1096569989 a prime number?
False
Is 6581064913 composite?
False
Is 30857677373 a prime number?
True
Is 402017659 prime?
True
Is 706369253 prime?
True
Is 420539 a prime number?
False
Is 3247989727 a composite number?
False
Is 1323165619 composite?
True
Is 991999241 prime?
True
Is 395512811 prime?
True
Is 705833393 a composite number?
True
Is 9116473271 a prime number?
True
Is 6994964359 prime?
True
Is 96048167 composite?
True
Is 26807182583 com